e x(-3).
-13
Let a be 12/(-3)*(-1 + -1). Let k be 4/10 - a/20. Let l(c) = -3*c + 4*c + 1 + k - 2. Determine l(5).
4
Let z(c) = 5*c**3 - 3*c**2 + 5*c + 4. Let r(q) = 2*q**3 - q**2 + 2*q + 2. Let a(s) = -7*r(s) + 3*z(s). Suppose 10*f = 154 + 546. Let l = -68 + f. What is a(l)?
0
Let w(b) = 25*b + b**2 - 69*b + 22*b - 3 + 25*b. Determine w(-5).
7
Let b = -413 + 2479/6. Let y(x) be the third derivative of -1/24*x**4 + 0 + 0*x - b*x**3 + 2*x**2. Determine y(-1).
0
Suppose 256 - 178 = 13*h. Let g(l) = -5*l**3 - 7*l**2 - l - 1. Let w(b) = -b**3 - b. Let p(n) = -g(n) + 6*w(n). Determine p(h).
7
Let a(h) = -h + 2. Let s(r) = 36*r + 213. Let w be s(-6). What is a(w)?
5
Let s(u) = -u + 6. Let g(f) = -1. Let m(h) = 7*g(h) + 2*s(h). Suppose -4*i = -21 + 1. Give m(i).
-5
Suppose 2 = 3*f - 13, -5*p + 4*f = -20. Suppose o - 6*o = -u + 6, 2*u = -p. Let l = o - -3. Let c(g) = -3*g**2 - g + 1. Determine c(l).
-3
Let a(d) = 57*d + 572. Let s be a(-10). Let g(q) = 5*q - 6. Determine g(s).
4
Let j(k) = k**2 - 7*k - 5. Let o = 339 - 330. Determine j(o).
13
Let m be 4/(-3) - (-1755)/405. Let x(t) = 8*t - 21. Determine x(m).
3
Let n(z) = 3. Let k(c) = -c + 4. Suppose 20 = 4*t, 4*t = -3*o + 4*o + 17. Let w(r) = o*k(r) - 4*n(r). Give w(4).
-12
Let m(w) = -2*w**2 + 4*w - 5. Let i = -15 - -17. Calculate m(i).
-5
Let l(w) be the first derivative of w**7/840 + w**6/60 - w**5/24 + w**4/3 + w**3 - 3. Let k(y) be the third derivative of l(y). Give k(-7).
-6
Let a(k) = 2*k. Let o be a(0). Suppose 2*b - 11 - 1 = -n, o = -3*b + 3*n. Let h(w) = -2*w - 7. Let r(u) = 2*u + 8. Let d(j) = 4*h(j) + 3*r(j). Calculate d(b).
-12
Let c(p) = p**3 - 6*p**2 - 5*p - 7. Let a = -447 + 454. What is c(a)?
7
Let q(z) be the third derivative of -z**6/120 + z**5/6 + 5*z**3/6 + 5*z**2 + 37. Calculate q(10).
5
Let a(v) = -v**2 + v - 6. Suppose y - 4 = d, 3*d - y = -2*y. Let h be 2*(-1 + 4) + d. Suppose -h*k + 15 = f + 2*f, -5*k + f = 5. Give a(k).
-6
Suppose -90 = -6*t - 12*t. Let z(b) = -b**3 + 6*b**2 - 4*b + 6. What is z(t)?
11
Let q(z) = -35 + 0*z**2 - 201136*z + z**2 + 201131*z. Give q(9).
1
Let m(a) = -3*a**2 + 38*a + 86. Let u be m(-2). Let y(b) = -11*b**2 - b + 2. Determine y(u).
-40
Let d = 13/3 + -23/6. Let t(j) be the first derivative of 5 - 4*j + d*j**2. Determine t(4).
0
Let k(q) = q - 3. Suppose 5*s + 1 = 5*d + 16, 4*s + 3*d - 40 = 0. Give k(s).
4
Suppose -15*l + 100 = 5*l. Let r(z) = -z. Let w(q) = 6*q + 7. Let y(j) = 4*r(j) + w(j). Determine y(l).
17
Let g(b) = -13*b + 72. Let i(m) = -3*m + 17. Let x(p) = -2*g(p) + 9*i(p). Determine x(-7).
16
Let k(u) be the third derivative of -u**4/24 + u**3/3 - 1013*u**2. Let z(d) = -2*d + 1. Let i be z(-1). Calculate k(i).
-1
Let h(p) = 11*p + 9. Let u(n) = 6*n + 5. Let a(j) = 2*h(j) - 5*u(j). Calculate a(5).
-47
Let u(v) = -v + 6. Let q(y) = -2*y**3 - 11*y**2 + 4*y - 16. Let a be q(-6). Calculate u(a).
10
Let q be 1/4*24/(-6). Let p(c) = -7*c**2 + c + 1. Determine p(q).
-7
Let h(s) be the second derivative of 19*s + 0 - 1/3*s**3 - 5/2*s**2. Give h(-6).
7
Let l(j) = 3*j - 31. Let a be (-1276)/(-154) + -1*6/21. Calculate l(a).
-7
Let a(h) = -3 + 6*h**2 - 93*h + 101*h + 6 - 3*h**2. Give a(-5).
38
Let f be 15/(-2)*(-48)/60. Let p(w) = w**3 - 7*w**2 + 4*w - 7. Determine p(f).
-19
Let b(y) = 20*y**2 + 27*y**2 - 78*y**2 - 2*y + 28*y**2 + 2 + 0. Let l(n) = -n**2 + 5*n - 6. Let c be l(4). What is b(c)?
-6
Let p(h) be the second derivative of -h**7/840 + h**6/120 + h**5/30 + h**4/24 - 5*h**3/2 + 8*h. Let g(k) be the second derivative of p(k). Give g(4).
1
Let j(w) be the second derivative of 27*w**5/20 - w**4/12 - w**3/6 + w**2/2 - 329*w + 2. Calculate j(1).
26
Let c(m) = -4*m**2 - 1 - 1 - 3 - 3*m + m**3 - 6. Calculate c(5).
-1
Suppose -5*x + 2*x - 18 = 0. Let n(f) be the third derivative of f**5/60 + 5*f**4/24 + f**3/3 - 70*f**2. Determine n(x).
8
Let j be (-38)/(-95) + 27/(-5). Let x(r) = r + 4. Let z be x(-4). Let s(b) = b**2 + 7*b + 1 + z*b**2 + 0. Determine s(j).
-9
Let o be ((-2)/5)/(41/(-1025)). Let x(k) = k**2 - 9*k - 1. What is x(o)?
9
Let m(s) be the first derivative of -s**4/4 + s**3/3 + 5*s**2 + 8*s + 229. What is m(4)?
0
Let c(t) = -12*t + 0*t + t + 5*t + 59 - 1. Give c(11).
-8
Let f(w) = -w**3 - 5*w**2 + 2. Suppose 4 = 68*x - 70*x. Give f(x).
-10
Let g(y) = y**2 - 11*y + 13. Let t = 330 + -321. Determine g(t).
-5
Let a be (-16)/(-10)*30/(-12). Let z(f) = -5 - 2 + 10 + 3*f - 4*f - 2. What is z(a)?
5
Let h = 31 - 29. Let u(g) = -g - g**2 + h*g - g - 18. Determine u(0).
-18
Let m(u) = -4*u**3 + 2*u**2 - 3*u - 3. Let x(t) = 5*t**3 - 3*t**2 + 4*t + 3. Let s(o) = 5*o + 47. Let f be s(-10). Let d(n) = f*x(n) - 4*m(n). Determine d(-3).
-15
Let d(y) = y**2 + 3*y - 6. Let g be d(-5). Suppose -6 = -2*a + g*a. Let z = -1 + a. Let s(k) = k**2 + 5*k - 3. Give s(z).
-7
Suppose 4*q + 9 = -2*s - 3*s, 0 = q - 3*s - 2. Let h(n) = 7*n + 2. What is h(q)?
-5
Let c(j) = j**3 + 9*j**2 + 4*j - 16. Let n be c(-8). Let w = n + -14. Let z be w*3*4/(-6). Let t(k) = k. Give t(z).
-4
Let o = 4 - 3. Suppose -25*g + 108 = 2*g. Let u(k) = 8*k + 4 - g - o - 2. Calculate u(2).
13
Suppose -4*k = -3*k - 2*h - 4, -2*k = -2*h - 14. Suppose -4*o + m = -2*o + k, 10 = -2*o - 5*m. Let n(y) = -y**3 - 4*y**2 + 7*y - 2. Give n(o).
-12
Let d(v) be the second derivative of -v**6/720 - v**5/30 - v**4/12 - v. Let u(w) be the third derivative of d(w). Let r = 21 + -18. Give u(r).
-7
Let n = -13 - -20. Let k(j) = j**2 - 7*j - 3. Give k(n).
-3
Let a(w) = -w**3 - 2*w - w**2 + 3 - 6 + 6*w**2. Suppose 5*h - 3*d = 380, 4*h + 2*d - 304 = 3*d. Let q = 80 - h. Determine a(q).
5
Let v(f) = -f - 4. Suppose 0*t + 40 = 2*t. Let r = t - 24. Determine v(r).
0
Suppose 3*g + 1 + 5 = -3*f, 3*g = -f. Let b(a) = 2*a. Let c be b(g). Let s(p) = -p**2 - p. Let x(m) = 5*m**2 + 6*m. Let z(j) = -6*s(j) - x(j). Determine z(c).
4
Let w(c) = c + 6. Suppose 2*s = -4*r + 22, -15 = -2*s - 3*s - 2*r. Suppose 78 - 17 = 5*f - 4*q, 0 = -q + s. Let g = -19 + f. What is w(g)?
0
Suppose -46*d + 31 = -15*d. Let m(v) = 24*v**3 + 2*v**2 - 1. What is m(d)?
25
Let a(u) = -1 - u**2 + 5 - u - 3 - u. Let j(h) = -h**3 + 7*h**2 + 4*h - 13. Let l be j(5). Suppose -3*p + 63 = l. Calculate a(p).
-7
Let s(d) = -d**2 - 6*d + 13. Let p(h) = -47*h - 150. Let a be p(-3). What is s(a)?
-14
Let f(n) = n - 10. Let x(j) = 8*j**2 + 26*j + 12. Let w be x(-3). Give f(w).
-4
Let f(h) = 7*h**3 - h**2 + 4*h - 5. Let c(y) = -8*y**3 + y**2 - 5*y + 5. Let i(k) = 6*c(k) + 7*f(k). Determine i(0).
-5
Let y(u) = -u - 5 + 2 - 4 + 2. Suppose 27 = -3*x + 6. Let f be y(x). Let i(z) = z**2 - 3*z + 3. Give i(f).
1
Let i(l) = -l - 5. Let y = -29 - -31. Suppose y*b + 3*z = z - 4, -5*z = 3*b. Determine i(b).
0
Let j(z) be the second derivative of -z**5/20 - 7*z**4/6 - 5*z**3/2 - 23*z**2/2 + 2*z + 156. Give j(-13).
3
Suppose -9*q = -11*q + 10. Let p(i) = -q - 16*i + 35*i - 17*i + i**2. Let f = 7 + -11. Calculate p(f).
3
Let k(a) be the first derivative of 11 - 3*a - 3/2*a**2. Let g be -1*(3 - 0)*1. Give k(g).
6
Let a(i) = -i + 6. Let q(s) = s**3 + 13*s**2 + 7*s - 10. Let p(c) = -5*a(c) - q(c). Determine p(-13).
6
Let c(u) = 3 - 2*u + u**2 - 2 + 0*u**2. Let r(p) be the first derivative of -p**2 - 12*p + 4. Let d be r(-7). What is c(d)?
1
Suppose -4*t + 44 = -5*p, -3*p = t + 21 + 2. Let d(s) = 2*s + 11. Give d(p).
-5
Suppose 4*r - 20 = 8*r. Let j(h) be the first derivative of -h**3/3 - 3*h**2 + 3*h + 1. Determine j(r).
8
Let j(y) = -y**3 + 2*y**2 + y - 8. Let m(a) = 2*a**3 - 4*a**2 - 2*a + 15. Let u(w) = -11*j(w) - 6*m(w). Suppose -2*r + 3*r - 2 = 0. What is u(r)?
0
Suppose -3*t = 16 + 2. Let h(c) be the third derivative of c**6/120 + 7*c**5/60 + 7*c**4/24 + 8*c**2. Calculate h(t).
-6
Let t(y) = -4*y. Let d = -24 + -6. Let f = 42 + d. Suppose 8*w - f*w = -12. Determine t(w).
-12
Let n(x) = -37 + 0*x**2 + 2*x - 41 + 77 - 5*x**2 + 4*x**2. Let c be (4/(-12))/((-2)/18). What is n(c)?
-4
Let l(c) = 5*c - 2*c - 6*c**3 - 2*c. Let w = 101 - 100. Give l(w).
-5
Let u(y) = y + 12. Let r(p) = p + 12. Let d(z) = 3*r(z) - 4*u(z). Suppose 16 = -2*l + 4. What is d(l)?
-6
Let b(h) = -3*h**2 - 18*h + 38. Let q(w) = -w**2 - 6*w + 13. Let c(j) = -4*b(j) + 11*q(j). Determine c(-7).
-2
Let w(x) = 9*x - 1. Suppose 3*j = -3*m + 189, 3*m + 3*j - j - 192 = 0. Let q = m + -67. What is w(q)?
-10
Let v(